**3 - 13*f**2 - 13*f - 19. Let x be t(14). What is h(x)?
0
Let c(w) = -5*w - 2. Let h(f) = 2*f. Let j(m) = 2*c(m) + 6*h(m). Let x be 4/(-20) + 16/5. Suppose x*t - 2 = 10. Give j(t).
4
Let p(n) = n + 3. Let d be p(-3). Let q(o) = -o + 2 - o**3 + d + 3*o**2 - 1. Calculate q(2).
3
Let o(s) = -s**3 + s**2 + s + 4. Let g be o(0). Let a(x) = -x**3 + 5*x**2 - x - 1. Give a(g).
11
Let z = 6 - 4. Let u(r) = 0*r - r**2 - 3*r - z*r. Determine u(-6).
-6
Let p be -1*4/(-18) - (-15)/(-108). Let n(d) be the third derivative of 2*d**2 + 0*d - d**3 - p*d**4 + 0. Determine n(-5).
4
Let c(y) = y - 6. Let a(l) = -10*l + 1. Suppose 5*f - 2 = -7, 3*j - 3*f = 0. Let v be a(j). Let h = -8 + v. What is c(h)?
-3
Let p = 5 + -10. Let x = -3 - p. Suppose -a - x*d = 1, -4*a - 2*d + 0*d + 8 = 0. Let b(c) = c**2 - 3. Give b(a).
6
Let p(t) = 3*t**3 + t**2. Let g = 1 + 11. Let h(q) = -q**2 + 12*q - 1. Let x be h(g). Give p(x).
-2
Let m(j) = j**2 - 8*j + 5. Let u = -1 + -1. Let i be (20/(-6))/(u/3). Suppose v = -1 + i. Determine m(v).
-11
Let m be -16*(-6 + 69/12). Let g(o) = o. Give g(m).
4
Let x(o) be the first derivative of -1/4*o**4 + 1/3*o**3 + 1/2*o**2 + 2 + 5*o. Suppose -3*n - 9 = -k, 5*n - 2*n + 9 = -2*k. Determine x(k).
5
Suppose 5 - 21 = -4*i. Let t(r) = 5*r**3 - r - 5. Let d(y) = 11*y**3 - 2*y - 11. Let b(v) = i*d(v) - 9*t(v). Determine b(0).
1
Let w(f) = -f**3 + 4*f**2 + 6*f - 6. Let y = 17 - 12. Determine w(y).
-1
Let x be (-2)/7 + (-320)/56. Let i be 2/4 - x/12. Suppose 0 - i = -u. Let o(z) = -3*z**3 + 2*z**2 - 2*z + 1. What is o(u)?
-2
Let b(o) = o**2 + 6*o - 5. Let i be b(-7). Let k(n) be the second derivative of i*n - 1/6*n**4 + 0 + 1/2*n**2 + 0*n**3 - 1/20*n**5. Determine k(-1).
0
Let r(i) be the third derivative of -i**6/120 - i**5/15 - i**4/12 - i**3/2 - 5*i**2. Calculate r(-3).
-6
Suppose 5*c = 10*c + 25. Let z = c - -5. Let j(a) = a**2 - 3. What is j(z)?
-3
Let b be (-4)/(-6) + 26/6. Suppose -9*g + 4*h + 43 = -4*g, b*h + 3 = -g. Let t(i) = 6*i + i**2 + 6*i + 7 - g*i. Give t(-5).
7
Let n be 0*(-2)/(-4) + -5. Let m(p) = 2*p**2 + 6*p - 2. Let g(i) = i**2 + 3*i - 1. Let b(h) = 5*g(h) - 3*m(h). Give b(n).
-9
Let q(y) = -y**2 + 7*y - 7. Let b be q(6). Let z(x) = -1. Suppose -h = -6*h + 5. Let u(n) = 8*n - 3. Let l(t) = h*u(t) - 2*z(t). Determine l(b).
-9
Let w be (1/2)/(5/20). Suppose 2*g = 3*j - 5, 2 = 5*j - w*g - 5. Let c(y) = -6*y**2 + y - 1. Calculate c(j).
-6
Let q(k) = -k**3 + 7*k**2 - 6*k. Let c(h) = -h**2 + 12*h - 14. Let b be (-2)/6*90/(-3). Let p be c(b). Calculate q(p).
0
Let a(n) = -5*n**2 - 1. Let p(r) = -21*r**2 - 5. Suppose -2*c + 4*w - 8 = -18, 47 = 5*c + w. Let q(o) = c*a(o) - 2*p(o). Calculate q(1).
-2
Let d(b) be the second derivative of -b**8/6720 + b**7/504 - b**6/720 + b**5/24 - b**4/12 - 2*b. Let p(c) be the third derivative of d(c). Give p(5).
0
Let o be (7 - 24/4)*-1*1. Let s(t) = -2*t**2 + 2*t + 1. What is s(o)?
-3
Let m(n) = -14*n**2 - 3*n + 8*n**2 + 3 + 5*n**2. Suppose -2*t = -2*u + 10, 12 = 4*u + t - 28. Suppose -3*p + p = 0, -p = -3*c - u. Determine m(c).
3
Let n(o) = -o**3 + 4*o**2 + o + 1. Suppose 0 = -5*k - 14 + 44. Suppose -5*x + 2*x = -k. Give n(x).
11
Suppose 3*c = 14 + 4. Let t(p) be the third derivative of -p**5/60 + p**4/3 - 3*p**3/2 + 10*p**2. Calculate t(c).
3
Let g(o) = -o**2 + 7*o - 2. Suppose 2 = z - 0. Suppose -4 = d + z*p - 20, 4*d + 4*p - 44 = 0. Give g(d).
4
Let g(c) be the second derivative of -c**4/12 - c**3 - 2*c**2 - 6*c + 2. Let o = -13 - -7. Let a = o + 3. Calculate g(a).
5
Let k(p) = -p - 2. Let z be k(0). Let w(i) = i**2 + i + 1. Let b be w(z). Let d(x) = x**2 - x - 2. Give d(b).
4
Let w(m) = -7*m - 9. Let v(j) = -3*j - 4. Let f(q) = -5*v(q) + 2*w(q). Determine f(3).
5
Let g(s) = s - 1. Let x = -13 + 15. Give g(x).
1
Let n(k) = -7*k**2 + 3*k - 1. Let x(d) = 6*d**2 - 2*d + 1. Let c(z) = -4*n(z) - 5*x(z). Give c(-2).
-5
Let z(o) = 3*o - 15. Let p be z(6). Let b(g) = -g**3 + 3 + 11*g**2 - 9*g - p*g**2 + 6. Calculate b(7).
-5
Let s(q) be the second derivative of q**7/840 - q**6/90 + q**5/30 - q**4/8 + q**3/6 + 6*q. Let g(j) be the second derivative of s(j). Determine g(3).
0
Let r(j) be the second derivative of -j**6/120 - j**5/60 + j**4/24 - 5*j**3/6 - 8*j. Let l(n) be the second derivative of r(n). Determine l(-2).
-7
Let f(y) = 7 - y - 10 + 2*y. Suppose 0*o + o = -j + 10, -5*j + 26 = -3*o. Let x = j - 12. What is f(x)?
-8
Let q = 1 + -4. Let h be (q/2)/(4/8). Let g(z) be the second derivative of -z**5/20 - 5*z**4/12 - z**3/2 + z**2/2 - 7*z. Calculate g(h).
-8
Let w = -13 - -4. Let k = 20 + w. Let l(x) = k - x - 11. Determine l(2).
-2
Let j(m) = m. Let z(c) = -c**2 - 4*c. Let p(k) = 4*k + 3. Let u be p(-2). Let v be z(u). Give j(v).
-5
Let x(t) = 7*t**2 - 2*t - 1. Let i be (0/3)/1 + 3. Suppose i*z + z = -4. Calculate x(z).
8
Let s be (3 + 1)*(-27)/18. Let b(h) = 2*h + 7*h + 8 - 5*h + 4*h + h**2. What is b(s)?
-4
Let a(d) = -d**2 - 3*d. Suppose -c + 0*c = -4. Let b(x) = -x**2 - 4*x. Let t(s) = c*b(s) - 5*a(s). Determine t(1).
0
Let q(k) be the third derivative of k**7/2520 + 7*k**6/720 + 7*k**5/120 - k**4/8 - 2*k**2. Let b(d) be the second derivative of q(d). Determine b(-5).
-3
Let s = 0 - -2. Suppose -s*u - 8 = 3*c + 3*u, 16 = 5*c + u. Let k(t) = -t**2 - t. Let r(x) = 2*x**2 + 6*x - 2. Let p(o) = 3*k(o) + r(o). Give p(c).
-6
Let m(k) = -12*k + 1. Let p(h) = -h - 4. Let c be (36/16)/((-6)/16). Let j be p(c). Suppose -j = -5*x + 3*x. Determine m(x).
-11
Suppose 2*h + n = -5, 2*h + 2*h = 2*n - 6. Let p be h/(-10) - 48/(-10). Let t(x) = x**3 - 5*x**2 + x - 2. Give t(p).
3
Let a(u) = 3*u**2 + 2*u**2 - 3 - u**3 + 4*u - 4*u**2. Let q = -19 - -23. Suppose q*t + 5*z - 17 = 0, -5*t = -3*z - 0*z - 12. Give a(t).
-9
Let w(l) be the first derivative of 0*l**2 - 1/4*l**4 + 3 - 2/3*l**3 - 2*l. Determine w(-2).
-2
Suppose 5*h - 4*j + j + 46 = 0, -4*j + 8 = 0. Let n = 14 + h. Suppose n = 5*f - 9. Let c(p) = -p + 5. What is c(f)?
2
Let p(g) = -3*g - 22. Let s be p(-9). Let m(u) = -2*u + 4. Calculate m(s).
-6
Let c be (-1*2)/(-2)*5. Let r(u) be the second derivative of -u**3 + 3*u + 1/12*u**4 - 1/2*u**2 + 0. Determine r(c).
-6
Let k = -3 - -3. Suppose m + 3*m - 16 = k. Let t(o) = -o**3 - 9*o**2 - 4*o - 8. Let x(y) = -y**3 - 8*y**2 - 4*y - 7. Let b(f) = m*t(f) - 5*x(f). Give b(-3).
0
Let j(r) = 185 - 89 - 97 + r - 5*r**2. What is j(1)?
-5
Suppose v + 2*v = 15. Let u(i) = 6*i + 5*i**2 - 7 - i**2 - i**3 + 1. Give u(v).
-1
Let u be 20/(-6)*(-3)/(-1). Let h = u + 6. Let c(q) = -1 + 1 - 1 + q. Give c(h).
-5
Let w(d) = -2*d**2 + 2*d + 1. Let a(f) = f**2 - f - 1. Suppose -p + 3*z + z - 23 = 0, 0 = -z + 4. Let y(v) = p*a(v) - 3*w(v). Calculate y(3).
-2
Suppose 0 = -3*v - v + 8. Suppose 0 = -v*r - 2*r + 52. Let u = r + -8. Let t(m) = m**2 - 4*m. Determine t(u).
5
Let v(t) = -t**3 - 3*t**2 - 3. Suppose d = -14 + 2. Let j be -4*(-2)/(32/d). Determine v(j).
-3
Let b(r) = -r - 3. Let q = 4 - 1. Suppose -q*g + 0*v + 7 = -2*v, -5*g + v = -21. Let w(o) = 2*o + 5. Let u(p) = g*b(p) + 3*w(p). What is u(2)?
2
Let t(f) be the first derivative of -3*f**2/2 + 7*f - 19. Give t(6).
-11
Suppose p - 5 = -4. Let t(h) = 4*h**2 + 1. Let q be t(p). Let n(z) = -2*z + 2. Give n(q).
-8
Let m(l) = -l**3 - 5*l**2 - 2*l + 5. Let k be m(-4). Let x = 0 - k. Let a(f) = f**2 - f + 1. Calculate a(x).
7
Let x = -2 + 4. Let w(t) = -1 + x + t + t - 2. What is w(2)?
3
Let u(f) be the second derivative of -f**5/20 - f**4/2 - f**3/2 + 7*f**2/2 - 3*f. Suppose -4 = 9*o + 41. Calculate u(o).
-3
Let q(r) = 11*r**3 - 10*r**2 + 2*r + 17. Let y(p) = 5*p**3 - 5*p**2 + p + 8. Let g(u) = -4*q(u) + 9*y(u). Let b be ((-20)/25)/((-1)/5). Determine g(b).
-8
Let k = -6 + 16. Let q be (-2)/5 + 34/k. Let g(t) = 3*t**2 - 3*t + 1. Let v(s) = -16*s**2 + 14*s - 5. Let y(b) = 11*g(b) + 2*v(b). What is y(q)?
-5
Let o(s) = -s**3 + 2*s**2 + s + 2. Let b be o(-3). Suppose 0 = v + 4*q - 8, -3*v + 5*q = -b + 3. Let y be ((-15)/v)/(3/12). Let w(i) = i + 5. Determine w(y).
0
Suppose 0 = -o + 4*o. Let y(w) be the first derivative of -6*w + 1 + o*w**2 + 0*w**3 - 1/4*w**4. Determine y(0).
-6
Let f(t) = -t**3 + 8*t**2 + 10*t - 7. Let c(z) = -z + 1. Let u(q) = q**3 - 9*q**2 - 17*q + 14. Let j(y) = 6*c(y) - u(y). Let s(l) = 6*f(l) - 5*j(l). Give s(3).
13
Let v(s) = -s**3 + 4*s**2 - 2*s. Suppose 3*y - 9 